t o(l) be the first derivative of -13/3*l**3 - 5/4*l**4 + 4*l + 1/2*l**2 - 6. Let m(a) = -8*n(a) + 3*o(a). Calculate m(6).
-14
Let v(n) = -n**3 + 5*n**2 + 6*n - 4. Let k be 2*1 - (-5 - 30/6). Suppose -k*j - 5*j = -102. Calculate v(j).
-4
Let c be 1 - 6/(-6)*(1 - 0). Let p(v) = 2*v**2 + 0*v**c - 11*v**2 - 3*v**2. What is p(1)?
-12
Let d(b) = b**2 + 4*b + 3*b**2 + 5 - 6*b**2 - 6*b**2 + 7*b**2. Determine d(4).
5
Let z(f) be the second derivative of -f**5/60 + 5*f**4/24 - f**3/6 - 5*f. Let p(m) be the second derivative of z(m). Give p(4).
-3
Let l(k) = 5*k + 76. Let v be l(-16). Let x(i) = -4*i - 2. What is x(v)?
14
Let b be (-5)/((0 - -1)/(-1)). Let n(s) = -s - b + 4*s + 4 - 4*s. Give n(2).
-3
Let h(t) = -9*t**2 + 2*t**2 - 4*t + 5*t**2 + t**3 - 1. Let r be h(4). Suppose -r*d + 1 = -14*d. Let q(c) = 8*c**3 + 2*c**2 - c. Give q(d).
9
Let a(z) = -5*z - 15. Let x(l) = 5*l + 17 + 14 - 40 + 26. Let i(w) = -4*a(w) - 3*x(w). Give i(-6).
-21
Let d(v) = v**3 - 5*v**2 - 5*v - 4. Let j be d(6). Let m(h) = 3*h - 5*h**j + 4*h**2 - 11*h - 6. Suppose 0 = -4*n - u - 19, -6*n - 20 = -n + 2*u. What is m(n)?
6
Suppose -l + 41 = -3*b, -6 = 4*b - 5*l + 45. Let r be (-6)/(-14) + (-50)/b. Suppose j + 4*k - k = -13, -r*j = -2*k - 18. Let z(u) = u**2 - u - 2. What is z(j)?
0
Let v be -5 - (4 - (12 + -2)). Let s(j) = 3*j - 6. What is s(v)?
-3
Let p(v) = 2*v - 3. Let c(f) = -9*f + 9. Let l(d) = c(d) + 4*p(d). Give l(-4).
1
Suppose j + 7 = 11. Suppose g + 2 = -2*g - j*d, -3*d = -2*g + 27. Let i(b) be the first derivative of b**3/3 - 9*b**2/2 + 9*b - 1. What is i(g)?
-9
Let n(k) = -k**3 + 14*k**2 - 15*k + 8. Suppose 5*b - 75 = 5*a, 8*a = -5*b + 6*a + 61. Give n(b).
-18
Let d be (-28)/98 + ((-2238)/21)/(-2). Let w(a) = 1 - 55*a - 2*a**3 + d*a + a**3 + 2*a**2. What is w(1)?
0
Let w(d) = -3*d + 1. Let t(v) = -2*v**3 + 2*v**2 - 3*v + 2. Let b(y) = y**2 + 3*y**2 - 2*y**2 + 8*y + 1 - y**2. Let x be b(-8). Let o be t(x). Determine w(o).
4
Suppose -4*p + 5*r = -p + 37, -5*p - 4*r = 37. Let b(t) = 0*t**3 - t**3 - 8*t + 0*t - 10*t**2 + 4. Give b(p).
-5
Let k(a) be the second derivative of -a**4/12 - a**3/2 + 2*a + 1. Calculate k(3).
-18
Let h be 8/14 + (-3)/(-7). Suppose -3 = -3*o - 5*d, h = o - 0*d + 3*d. Let w(n) = 3*n**2 - 40*n + 41*n - 1 + 0*n**2. Calculate w(o).
3
Let t(a) = 4*a**3 - 4*a**2 + a - 8. Let z = 52 - 56. Let g(o) = -3*o**3 + 4*o**2 + 7. Let f(m) = z*t(m) - 5*g(m). Give f(-3).
0
Let h(p) = -7 + 7 + 4*p + 5 + 18. Calculate h(-8).
-9
Let k(n) = -n**2 - 6*n + 9. Let w(z) = 2*z**2 + 6*z - 9. Let g(d) = -3*k(d) - 2*w(d). What is g(5)?
-4
Let j = 26 - 24. Suppose 5*l + 4*k - 5 = 0, -l - 5*k + j*k + 12 = 0. Let n(q) = q - 5*q**3 + 8*q**3 - 2 + 2*q**2 - 2*q**3. Give n(l).
-14
Let u(k) be the second derivative of k**2 + 44*k - 3/2*k**3 + 1/12*k**4 + 0. What is u(5)?
-18
Let a = 208 - 213. Let g(v) = -5*v**2 + 2*v - 2. Let j(m) = 6*m**2 - m + 3. Let u(t) = 7*g(t) + 6*j(t). Give u(a).
-11
Let a(s) be the first derivative of 11*s**7/840 + s**6/360 - s**5/120 + s**4/24 + 11*s**3/3 + 24. Let z(d) be the third derivative of a(d). Give z(1).
12
Let i(d) = -d**3 - 3*d**2 - 2*d - 3. Let u be i(-2). Let s = u + 4. Let z(o) be the third derivative of 2*o**5/15 + o**4/12 - o**3/6 - 5*o**2. What is z(s)?
9
Let l(u) = -u**2 + 4*u + 5. Let y be l(0). Let i(o) = 6*o**2 + 2*o + 4. Let t(h) = 5*h**2 + 2*h + 4. Let n(g) = y*t(g) - 4*i(g). What is n(-3)?
7
Let a be (-3 - 6)/(-3) - (-6)/(-1). Let q(j) = -j**2 - 3*j + 2. Determine q(a).
2
Let q(z) = -5*z**3 - 3*z**2 - 11*z + 8. Let u(m) = -11*m**3 - 5*m**2 - 22*m + 18. Let j(n) = 9*q(n) - 4*u(n). Determine j(-5).
5
Let i(y) be the second derivative of -y**5/20 + 5*y**4/12 + y**3 - y**2/2 - 140*y. What is i(6)?
-1
Let i be ((-8)/10)/((-2)/(-20)). Let u = i + 13. Let b(m) = 12*m**2 + 3*m + 2 + 0*m - 13*m**2. Calculate b(u).
-8
Let p(r) = -2*r**2 - 3*r + 15. Let j(o) = -2*o**2 - 4*o + 13. Let s(c) = 7*j(c) - 6*p(c). What is s(-5)?
1
Let a(p) = -p**3 - p**2 + 3*p - 2. Suppose 4*l - 85 = -n, 4*l - 12 = 8. Let v = n - 63. What is a(v)?
-8
Let q = -2307 - -2310. Let f(p) = 7*p**2 - 2. Determine f(q).
61
Let m = 22 - 26. Let g(x) = 3*x**3 - 3*x**2 + 4*x + 2. Let s(y) = y**3 + y. Let w(h) = m*s(h) + g(h). Determine w(-3).
2
Let n = -955 - -953. Let y(o) = -2*o**2 - 6*o - 3. Let k(x) = -x**2 - x. Let j(a) = 4*k(a) - y(a). What is j(n)?
-9
Let z(c) = -c. Suppose -4*m - 10 = -30. Suppose 2*g - m*g = 4*q + 27, 3*q - g = -17. Let d be 3 + 2 + q/2. What is z(d)?
-2
Let f(o) be the third derivative of 0*o - 7/120*o**5 + 0 + 1/8*o**4 - 8*o**2 - 4/3*o**3. Let n(i) be the first derivative of f(i). Determine n(2).
-11
Let k(n) = -493 + 975 - 540 + n. Determine k(0).
-58
Let k(v) = 12*v**3 - 2*v**2 + 6*v - 16. Let r(l) = -11*l**3 + l**2 - 5*l + 13. Let n(h) = 4*k(h) + 5*r(h). Give n(-1).
6
Let f = -35 + 38. Let o(w) = -w**2 + 4*w - 1. Let z be o(f). Let l(b) = -2 + b**3 - 4*b + 3*b + 0*b. What is l(z)?
4
Let u be ((-4)/(-3))/((-34)/(-6) + -5). Suppose -u*p + g = 7, 0 = -5*p + 3*g - 3 - 16. Let x(f) = f**2 + 3*f + 2. Determine x(p).
0
Let h(r) = -r. Suppose 0 = 4*f + 4 + 4. Let u be 3/((-6)/11)*f. Suppose u*z = 12*z - 5. Determine h(z).
-5
Let g(t) = t**3 - 19*t**2 - 21*t + 20. Let w be g(20). Let f be (w/(2 + -7))/3. Let x(h) = h**2 - h - 2. What is x(f)?
-2
Let i(z) = -z - 14. Let n be i(-9). Let g(f) = -29*f**2 - 7 + 31*f**2 - 4*f + 11*f. Let y(s) = -s**2 - 4*s + 4. Let x(j) = -2*g(j) - 5*y(j). Give x(n).
-11
Suppose -7*n + 2 - 142 = 0. Let i be n/6*-1 + (-4)/12. Let t(c) = -c**3 + 2*c**2 + 2*c. Calculate t(i).
-3
Let j(f) = 120*f - 65. Let l(k) = 11*k - 6. Let s(o) = -6*j(o) + 65*l(o). Let x = -4 + 6. What is s(x)?
-10
Let s(g) = -4*g + 0*g + g - 2 + 992*g**2 - 991*g**2. Determine s(2).
-4
Suppose -2*u + 8 + 6 = 2*j, 4*j + 2*u = 18. Suppose -24 = -x + 3*b - j*b, 5*b + 40 = x. Let a = -18 + x. Let w(c) = 3*c**2 - 2*c. Calculate w(a).
8
Let o = 86 - 92. Let s(x) = -5*x. What is s(o)?
30
Suppose 5*b = -3*m + 24, 3*b + 9*m - 12 = 6*m. Let o(h) = h**2 - 5*h - 9. Let w be o(b). Let j(q) be the first derivative of q**2/2 + 2*q + 1. Calculate j(w).
-1
Let h(c) = -2*c**3 + c**2 - c + 1. Let s be 0/(-3) - (2 + -11). Suppose -4*j + 15 = -s. Let d be 2/3 - (-8)/j. Calculate h(d).
-13
Let d(o) = -o**3 + 5*o**2 - 6*o + 4. Let t be -4 - 81 - (3 + -4)*4. Let v = t + 85. Determine d(v).
-4
Let b(i) = 3 - i + 7*i + 0*i. Let p = 96 + -97. Let f(l) = l + 1. Let u(q) = p*b(q) + 3*f(q). What is u(2)?
-6
Let z(h) = -4*h - 2. Let n(t) = 211*t - 211. Let u be n(1). Give z(u).
-2
Suppose 20 = 4*x - 0. Let p(t) = -3*t + 4*t - 5 - x. What is p(6)?
-4
Let z(y) = y**2 + 7*y - 2. Let c(d) = -1. Let a be (-15 - -17)/((-2)/3). Let g(l) = a*c(l) - z(l). Determine g(-4).
17
Let u(g) = 9*g - 15 + 6 + 18. Let p(t) be the third derivative of t**4/6 + 2*t**3/3 + t**2. Let c(f) = -7*p(f) + 3*u(f). Give c(-6).
5
Let z(u) be the first derivative of u**3/3 - 9*u**2/2 - 23*u + 555. What is z(11)?
-1
Let y(h) be the second derivative of -h**3/6 - 7*h**2/2 - 47*h + 2. Let s be 80/(-12) - (-2)/(-6). Give y(s).
0
Let n = -6063 - -6062. Let i(j) = 8*j**2 + 5*j - 1. Let z(s) = 7*s**2 + 4*s - 1. Let w(t) = -4*i(t) + 5*z(t). Calculate w(n).
2
Let a(b) = -2*b**2 - b + 1. Let x(r) = -7*r**2 - 2*r + 2. Let w(o) = 6*a(o) - 3*x(o). Determine w(-1).
9
Let y(z) = -14 + 0*z**3 + z**3 - 61*z**2 + 61*z**2. Determine y(0).
-14
Let y(o) = -o**3 + 6*o**2 + 7*o + 9. Let z be y(7). Let p be 5 - z - (-12)/2. Let v(a) = a**3 - 5*a**2 + a - 1. What is v(p)?
-11
Let l = 4 - 0. Let y(q) be the second derivative of -q**6/360 + q**5/24 + q**4/12 + 2*q**3 + 14*q. Let g(t) be the second derivative of y(t). Determine g(l).
6
Suppose -3*j - j = 12, -4*r + 1 = 5*j. Suppose -x + 4 = 3*l - 6, -r*l = 5*x - 28. Let i(g) = g**3 - 5*g**2 + 2*g - 4. Calculate i(x).
-12
Let t(y) = 10*y**2 + 5*y - 14. Let a(z) = 3*z**2 + 2*z - 5. Let q(c) = 7*a(c) - 2*t(c). Let g be ((-5)/2)/((-2)/(-4)). Give q(g).
-2
Let d = -4 - -10. Let w(c) be the first derivative of 28*c - c**2 + d + 4*c**2 - 25*c. What is w(-2)?
-9
Let j be (256/40)/((-27)/15 + 2). Suppose t - j = -28. Let v(y) = y**3 - 3*y**2 - 5*y. Determine v(t).
-4
Let f(h) = 2*h**2 + 4. Let q be f(0). Let y(r) = -8 + 5 - q*r + r**3 + 3*r - 2. What is y(0)?
-5
Let d(p) be the third derivative of p**5/60 + 